166517?
-166684
In base 13, what is -533 + -71430?
-71963
In base 7, what is -31 + 36336635?
36336604
In base 12, what is 67 + 61631?
61698
In base 8, what is 56144460 - 1?
56144457
In base 3, what is 220101111110021022 - 12?
220101111110021010
In base 8, what is -725437 - -112?
-725325
In base 2, what is 11001 - -1001100110011111011110111?
1001100110011111100010000
In base 7, what is -236400 + 154400?
-52000
In base 5, what is -2102 - -14034?
11432
In base 5, what is 202022232 + -4312?
202012420
In base 14, what is 2d0 - -4a348?
4a638
In base 10, what is -355 - 45820?
-46175
In base 3, what is 221110 + 20110002120?
20111001000
In base 16, what is 8 + 15c5c6a?
15c5c72
In base 13, what is 2592 - 499?
20c6
In base 3, what is -1120220201210 - 101?
-1120220202011
In base 16, what is 1357b + -76f?
12e0c
In base 16, what is -175a - -8d9b?
7641
In base 10, what is -2861 + -9490?
-12351
In base 12, what is -92a153b + -2?
-92a1541
In base 11, what is -4738247 - 0?
-4738247
In base 6, what is -1 + -505020331?
-505020332
In base 9, what is 26136 - 17106?
8030
In base 16, what is -5 + a57bd1b?
a57bd16
In base 6, what is 3 - 1324541544?
-1324541541
In base 11, what is 2a2 + 4174?
4466
In base 14, what is 1a0261 + 4?
1a0265
In base 14, what is -24 + 89c0424?
89c0400
In base 7, what is 0 - 4231150520?
-4231150520
In base 14, what is -16ca - 15036?
-16722
In base 16, what is -9578e3 - b?
-9578ee
In base 2, what is -1 - 1011011010111001010100?
-1011011010111001010101
In base 14, what is 7 - -13575c?
135765
In base 6, what is 55531 + 13210?
113141
In base 8, what is 3146555270 - 0?
3146555270
In base 13, what is 20962 - 190?
207a2
In base 12, what is -36 - -473475?
47343b
In base 16, what is 8 + -78165?
-7815d
In base 15, what is 942398 - -3c?
9423d5
In base 7, what is 21001 + -1230?
16441
In base 10, what is -12 + 5162337?
5162325
In base 2, what is 1001010010001 + -1101001111100?
-11111101011
In base 15, what is -278b - 3b5?
-2b51
In base 13, what is 197b - 2940?
-c92
In base 9, what is -8564332 + 32?
-8564300
In base 12, what is 5 - 240580ab?
-240580a6
In base 10, what is 13 + -1978128?
-1978115
In base 6, what is -4 + -21231402351?
-21231402355
In base 15, what is -10 + -e470?
-e480
In base 3, what is -101120 + -202121001?
-202222121
In base 2, what is 1011101010 - 111111101101000?
-111110001111110
In base 10, what is 5929 - -184829?
190758
In base 8, what is 134450 + -3755?
130473
In base 11, what is 7414972 - -4?
7414976
In base 16, what is 845 - 6e?
7d7
In base 13, what is -770939 + -9?
-770945
In base 15, what is -7 - 18058c?
-180594
In base 12, what is -4168 - 132a8?
-17454
In base 9, what is 14881 + -2561?
12320
In base 14, what is -5 - 286a955?
-286a95a
In base 8, what is 26743151 - 4?
26743145
In base 15, what is 4c8b + 634b?
b0d7
In base 10, what is 33218551 - 4?
33218547
In base 4, what is -2230 + -133321003?
-133323233
In base 8, what is 424351 + -15412?
406737
In base 3, what is 12 - 22111200222210?
-22111200222121
In base 13, what is -b8 + 947bb1?
947ac6
In base 13, what is 29c + 10183?
10452
In base 16, what is -9 + 1c1319?
1c1310
In base 8, what is -37 + 2757101?
2757042
In base 12, what is -813b921 + -5?
-813b926
In base 16, what is 1246f9c + -4?
1246f98
In base 10, what is 1 + 829197?
829198
In base 15, what is 5db47 - 2e0?
5d857
In base 16, what is -1d + 554c?
552f
In base 8, what is 4351 + 60372?
64743
In base 12, what is -987 - -197?
-7b0
In base 11, what is -19077a + -17?
-190796
In base 14, what is -12 + 2ad96?
2ad84
In base 12, what is -a - -6468048?
646803a
In base 9, what is 37 + -2180880?
-2180842
In base 15, what is 2 + b0aa544?
b0aa546
In base 8, what is -6 + 12651200?
12651172
In base 13, what is 135 - -65261?
65396
In base 7, what is 240045306 - -10?
240045316
In base 9, what is -10 + -3318118?
-3318128
In base 12, what is 136b1 - 15b?
13552
In base 15, what is -54 - 58a0e?
-58a63
In base 13, what is -28b9 + 6670?
3a84
In base 2, what is 0 - -10011101000110100110111011?
10011101000110100110111011
In base 9, what is 57 - -1254865?
1255033
In base 11, what is 0 - a728107?
-a728107
In base 15, what is 5 + -503b7?
-503b2
In base 7, what is 4160 - 44600?
-40410
In base 6, what is 240 + 320545?
321225
In base 7, what is -231 + 13361613?
13361352
In base 12, what is 0 - 1032444?
-1032444
In base 8, what is -2664 - 300657?
-303543
In base 2, what is -101 - 1001010001000010110010?
-1001010001000010110111
In base 10, what is 7602 - 964?
6638
In base 14, what is -3 + -83c955?
-83c958
In base 15, what is 10a2 + -cdb?
2b6
In base 11, what is 5329 + -16a3?
3736
In base 12, what is b595 + 139?
b712
In base 15, what is 35 + 297aa?
297e0
In base 5, what is -23342 - -101410213?
101331321
In base 15, what is -2eccb + -537?
-30313
In base 14, what is -3 - -53ad867?
53ad864
In base 5, what is -2 + 4303124000?
4303123443
In base 2, what is 100111101 + -10101101110010?
-10101000110101
In base 8, what is 4031 + -3411?
420
In base 16, what is d + 11c971?
11c97e
In base 7, what is -2162 - -101354?
66162
In base 7, what is 5 + -54540632?
-54540624
In base 14, what is 1669 + -478d?
-3124
In base 2, what is -1000111010110 + -1110100110?
-1010101111100
In base 7, what is 1 - 413004635?
-413004634
In base 7, what is 51316 - -35431?
120050
In base 5, what is -32143143 - -2433?
-32140210
In base 16, what is -10ba4 - -113?
-10a91
In base 3, what is -2010101 - 202200200120?
-202202210221
In base 10, what is -1 + 4823314?
4823313
In base 5, what is -42 + 23000113422?
23000113330
In base 9, what is 420668 + 11?
420680
In base 7, what is 1 + -1255500154?
-1255500153
In base 16, what is -2 - -7d4557?
7d4555
In base 15, what is 69 + -cb0b7?
-cb04d
In base 13, what is 1c1a10a8 - -1?
1c1a10a9
In base 3, what is 202020 - 11211000000010?
-11210222020220
In base 11, what is 10 + -461663?
-461653
In base 7, what is -110 - 4501566?
-4502006
In base 10, what is 297669 - 53?
297616
In base 7, what is -250500 + -135?
-250635
In base 10, what is 10 + -680078?
-680068
In base 8, what is -2114 - 264?
-2400
In base 9, what is 10 - -1060557?
1060567
In base 6, what is 23113403 + 43?
23113450
In base 2, what is -100001011 - -101010110000011?
101010001111000
In base 2, what is -11111001111001 + 100100001?
-11110101011000
In base 11, what is -3 - -1515828?
1515825
In base 5, what is 3423014 - -204031?
4132100
In base 9, what is -12135 + 2874?
-8151
In base 16, what is -83e + -13900?
-1413e
In base 8, what is 10437 - 4270?
4147
In base 9, what is 5 - 366328815?
-366328810
In base 16, what is 95 + 15aa0f?
15aaa4
In base 7, what is 0 - 4065231063?
-4065231063
In base 14, what is 17 - -95bd26?
95bd3d
In base 4, what is 2 - 31123212123210?
-31123212123202
In base 3, what is -110021221021010 - -100?
-110021221020210
In base 4, what is 2 - -33203130?
33203132
In base 8, what is -671451 + 630?
-670621
In base 15, what is ab5c2e6 + -5?
ab5c2e1
In base 7, what is -4144315 - 1155?
-4145503
In base 5, what is 144 - 4204301?
-4204102
In base 3, what is 1000100220 + 11201020?
1012002010
In base 14, what is 857 - 183?
6b4
In base 8, what is 15211257 - 34?
15211223
In base 3, what is 12212000 + -1200000?
11012000
In base 9, what is 20252451 + 2?
20252453
In base 14, what is -c19cd - -4?
-c19c9
In base 6, what is 103 + -30451513?
-30451410
In base 15, what is -d33de + 1a?
-d33c4
In base 10, what is 4636 - 68239?
-63603
In base 14, what is -3 - -c09cc5a?
c09cc57
In base 8, what is 331306 - 11?
331275
In base 14, what is 4 - -74b46?
74b4a
In base 9, what is -1 + -17604822?
-17604823
In base 11, what is -39a2a7 + a2?
-39a205
In base 15, what is -2 - 5ee80ea?
-5ee80ec
In base 16, what is -6e073b + -3?
-6e073e
In base 4, what is 22000122 + 20113?
22020301
In base 4, what is 12120230321 + 31?
12120231012
In base 5, what is 132213124 + -202?
132212422
In base 2, what is 100 + 1011011011010110101000001?
1011011011010110101000101
In base 6, what is -113220522 - -5?
-113220513
In base 15, what is 3 + b0682e?
b06832
In base 13, what is 3 + -34c4218?
-34c4215
In base 11, what is 56 - -aa5006?
aa5061
In base 5, what is 24124 - 11031?
13043
In base 4, what is -2330 + 30312310?
30303320
In base 14, what is d3 + ba91?
bb84
In base 13, what is 16188 + -98?
160c0
In base 6, what is -5 - -51200505?
51200500
In base